+ 5, -5*v - 45 = 5*p. Let y = 8 - p. What is the highest common divisor of y and 6?
3
Let g(r) = -4*r - 33. Let v be g(-11). Let b = -83 + 23. Let n = b + 137. Calculate the highest common divisor of n and v.
11
Let v be (-2)/(-1)*(24 - 2). Let g = -1 - -6. Suppose g*z + 3*d = 2*d + 22, 2*z = 3*d + 2. Calculate the greatest common factor of v and z.
4
Let g(y) = -3*y - 1. Let j(f) = -f**3 + 3*f**2 - 2*f + 4. Let r be j(3). Let m be g(r). Calculate the highest common divisor of m and 2.
1
Suppose -5*m = -2*i + 63, 3*i - 29 = m + 59. Let f be 1*(260 + (1 - 0)). Calculate the greatest common divisor of i and f.
29
Let h be 1 + (3 + -1 - 1). Let s = 26 - h. What is the greatest common factor of 36 and s?
12
Let t(i) = i - 7. Let l = -5 + 11. Let x be t(l). Let g be (-201)/(-6) - x/(-2). Calculate the greatest common factor of g and 11.
11
Let n(y) = -3*y - 3. Let w = -10 - -7. Let u be n(w). Suppose -3*t + 16 = -2. Calculate the greatest common factor of u and t.
6
Suppose 4*r + 3*p - 54 = -11, -4*r + 18 = -2*p. Let a(x) = x**2 + 6*x. Let o be a(-6). Suppose o*y = 2*y - 154. Calculate the greatest common factor of r and y.
7
Let l(z) = 4*z - 5. Let y(g) = 6*g - 7. Let m(j) = -7*l(j) + 5*y(j). Let c be m(5). Calculate the greatest common factor of c and 25.
5
Let x be -1*(-44)/(-1 - -5). Calculate the highest common factor of x and 88.
11
Suppose -2*n = -1 - 1. Let x(f) = 4*f**3 + 2*f**2 - 2*f + 1. Let i be x(1). What is the greatest common factor of n and i?
1
Let n be (2/(-6))/((-6)/(-90)). Let v = 9 + n. Suppose v*b = 3*p - 4*p + 155, 3*b + 563 = 4*p. What is the highest common divisor of 13 and p?
13
Let y = -26 + 39. Calculate the greatest common divisor of y and 13.
13
Suppose 4 + 26 = 3*m. What is the highest common divisor of m and 110?
10
Let v = 28 - 13. Let b be (-2838)/(-21) + 2/(-14). What is the greatest common factor of v and b?
15
Let h(m) = -m**2 - 7*m - 5. Let q be h(-4). Let r(i) = 10*i + 3. Let o be r(6). What is the greatest common factor of o and q?
7
Suppose -4*c - 11 = 3*z, -c + z + 6 = -0*c. Let x be 0 + c - (-2)/1. Calculate the highest common divisor of x and 3.
3
Suppose -19*g - 44 = -386. What is the highest common factor of 234 and g?
18
Let b = 275 - 135. Suppose b = 4*t + t. What is the greatest common divisor of 70 and t?
14
Let m(x) = -x**3 + 7*x**2 - 4*x + 2. Let t be m(6). Suppose -3*n + 5 = -16. Calculate the highest common factor of n and t.
7
Suppose 4 = -4*s + 12. Suppose 40 = s*k + 5*l, 5 = k - 4*l - 2. Calculate the highest common factor of 75 and k.
15
Suppose 5*r = -3*o - 8, r + 2*r + 12 = 0. Suppose 2 = 3*f - 22. Suppose 0 = a - 24 + f. Calculate the highest common factor of a and o.
4
Suppose 5*a - u = 34, 3*u - 31 = -2*a - 2*a. Let w = 6 + a. Suppose -566 = -4*k + 2*b, 2*b + 3*b = -k + 158. What is the greatest common factor of k and w?
13
Let a(v) = -8*v - 7. Let z be a(-2). Let m be 3*2*9/6. Calculate the greatest common factor of m and z.
9
Let n = 0 - -3. Suppose 2*m - n*p = -7, 2*m - 5 - 18 = -3*p. Suppose -44 = -3*h - m*t, -3*h + 3*t + 72 = -0*h. What is the highest common factor of 80 and h?
20
Let w = 6 + 0. What is the highest common divisor of w and 54?
6
Let t be 37*(1 + 1 + -3). Let w be t/3 + (-4)/(-12). Let f be ((-2)/(-4))/((-1)/w). What is the greatest common divisor of f and 36?
6
Let f(p) = -4*p + 20. Let h be f(4). Suppose 2*x + 8 = 4*x. Suppose -4 = h*m, 42 = -n - x*m + 113. What is the highest common divisor of n and 15?
15
Let t(u) = u**2 + 11*u + 18. Let c be t(-14). Let z(o) = -11*o - 2. Let w be z(-2). What is the greatest common divisor of c and w?
20
Suppose 20 = 4*x + 4. Let r be 212/3 + x/(-6). What is the greatest common divisor of 28 and r?
14
Suppose -16*k = -4*m - 12*k, -k = -3*m + 6. Suppose -2*z - 21 = -63. Calculate the highest common factor of m and z.
3
Let h(t) = 2*t**2 - 3*t - 2. Let g be h(-2). What is the highest common divisor of 18 and g?
6
Let p be (-2)/9 + (-200)/(-9). Let w(j) = -3*j - 1 - 3*j - 2. Let v be w(-6). What is the highest common factor of v and p?
11
Let h(z) = -z**3 - 2*z**2 + 3*z. Let y be h(-7). What is the greatest common divisor of y and 7?
7
Let q(d) = d + 10. Let g be q(14). Suppose -18 = 4*p - i - 92, -3*i = -p + g. What is the highest common divisor of p and 12?
6
Let v be (-2)/((-12)/8 - -1). Suppose -2*t - 4*n + 3*n + 10 = 0, -v*t + 48 = -5*n. Calculate the highest common divisor of 77 and t.
7
Let p be 2 + (-3 - 0) + 127. What is the greatest common factor of 14 and p?
14
Let a(b) = -48*b + 1. Let h be a(-1). Let k = -6 - 3. Let c = k + h. What is the highest common factor of 16 and c?
8
Suppose 37*o - 3*o = 2754. Suppose 2*r - r = 2. Let l be (-1 - -4)/(r/6). Calculate the greatest common divisor of o and l.
9
Let p(a) = -a + 8. Let o(w) = w + 6. Let d be o(-6). Let z be p(d). Let h = -52 + 76. What is the highest common divisor of h and z?
8
Suppose b = -4*r + 4, -3*b + r = b - 33. Suppose -o + 2*f + 15 = -3, 0 = 4*f + 4. What is the highest common divisor of o and b?
8
Let u = -250 - -358. Let n be u*(2 + 6/(-4)). Let t(r) = -r**3 + 5*r**2 - 3*r + 2. Let z be t(4). What is the highest common divisor of z and n?
6
Suppose -916 = -4*u + 2*b, 2*u = 3*u - 3*b - 224. Suppose 3*s - u = 34. Calculate the greatest common factor of 8 and s.
8
Suppose 4*z = -u + 54, 4*u + 36 = 2*z - 0*u. Let w be ((-4)/(-4))/(2/z). Calculate the greatest common divisor of w and 63.
7
Let y be -4*((-11)/(-4) + -2). Let p(f) = f**3 + 3*f**2 + f + 4. Let v be p(y). Let h be -2*v + (-52)/(-1). What is the highest common divisor of 10 and h?
10
Suppose -56 = 117*k - 121*k. Calculate the highest common factor of k and 28.
14
Suppose 4*j - 466 = 2*o + j, 3*j = 3*o + 705. Let u = -118 - o. Let d = 48 - 37. What is the highest common divisor of d and u?
11
Suppose 2*h + 5 - 13 = 0. What is the greatest common divisor of 2 and h?
2
Let k = 14 + -7. Let u(n) = -n**2 + 6*n + 7. Let s be u(k). Suppose s*y - 3*y + h + 238 = 0, 5*h - 330 = -4*y. What is the greatest common factor of 10 and y?
10
Suppose 6 + 3 = h. Let q(f) = -2*f + 5. Let u be q(-2). Calculate the highest common factor of h and u.
9
Let u be (62 - -1 - -2) + -1. Let k be (-4 - 24/(-4)) + 14. What is the highest common divisor of u and k?
16
Let d(i) = -2*i - 15. Let y be d(-10). Suppose -10 = -3*q + y. What is the greatest common factor of q and 10?
5
Suppose 2*f = -3*f + 45. Suppose -4*w + 12 = -6*w. Let j be (w/8)/((-1)/60). What is the highest common factor of f and j?
9
Let v = -18 + 36. What is the highest common factor of v and 99?
9
Suppose -5*m + l - 26 = 0, m + 6*l + 22 = 2*l. Let c = -10 - m. Let i be 12/(-16) - 27/c. What is the greatest common divisor of i and 48?
6
Let r(k) = -4*k - k**3 + 1 - 5*k**2 - 4 + 4 + 4. Let g be r(-4). Suppose -2*n = g*p - 35, 0*p = -n - 2*p + 18. Calculate the greatest common divisor of n and 8.
4
Let i be -3*-6*(-4)/(-18). Suppose -r - 2*z + 20 = 0, i*r = -0*r + 2*z + 30. Suppose 4*a + 26 - 186 = 0. Calculate the greatest common factor of a and r.
10
Suppose 75 = 3*t - 2*t. Calculate the greatest common factor of t and 15.
15
Let p = -14 + 38. Suppose 2*o + 0 = p. Calculate the highest common factor of 132 and o.
12
Suppose o - 74 = 3*x, o - 27 = -4*x + 33. Let v(w) = -14*w**3 - 2*w**2 + 3*w + 4. Let y be v(-2). What is the highest common divisor of o and y?
34
Let x(p) = -p**2 - 9*p - 2. Let j be x(-9). Let v = 10 - j. Calculate the highest common divisor of v and 30.
6
Let q = -6 - 6. Let m(k) = -k**2 - 3*k. Let y be m(4). Let i = q - y. Calculate the greatest common divisor of 40 and i.
8
Let j = -24 + 27. What is the highest common divisor of 33 and j?
3
Suppose 4*b - 5*j = 817, 2*b + 2*j + 202 = 3*b. What is the highest common factor of b and 52?
52
Let d(z) = z**3 - 8*z**2 + 6*z + 10. Let w be d(7). What is the greatest common factor of 24 and w?
3
Let r(j) = 2*j**2 - 5 + 6*j + 7*j - 5*j. Let n be r(-6). Let b be 19/(0 + 0 - -1). Calculate the highest common factor of b and n.
19
Suppose -4*p + p + 12 = 0. Suppose -2*c = -40 - p. Suppose 55 = 9*n - 8*n. What is the greatest common divisor of c and n?
11
Let y(l) = -24 + 19 + l**3 - 7*l**2 - 2*l**3 - 9*l. Let m be y(-6). Calculate the highest common divisor of 143 and m.
13
Let m be 1/(2/88)*13/13. Let 